 r(f) = -j(f) + 5*t(f). Determine r(0).
-39
Let g(d) = -d**3 - 9*d**2 - 9*d - 9. Suppose 10 = 8*h - 30. Let i be (7/h + 1)*(-210)/63. Calculate g(i).
-1
Let i(b) = -b + 9. Let v be 9*10/45*2*1. Suppose -y - 3 = -5, v*j + 10 = 5*y. Give i(j).
9
Let r(w) = w + 1. Let f be (-2)/(4 + -3)*-2. Suppose 15 + 5 = -f*l. Give r(l).
-4
Let a = -721 - -727. Let j(z) = -27 - 25 - z + 2*z + 42. What is j(a)?
-4
Let r(h) = h**2 + 11*h - 30. Let o(p) = 6. Let c(d) = -7. Let y(n) = -3*c(n) - 4*o(n). Let z(q) = -r(q) + 5*y(q). Calculate z(-13).
-11
Suppose -2*r = -10, 14*d - 13*d - 5*r + 18 = 0. Let g(y) = 2*y - 21. Let j be g(d). Let s(n) = 4 - 1 + 8*n + 4 + n**2. Give s(j).
0
Let w be (-470)/(-13) + 40/(-260). Let v = -34 + w. Let x(b) = -3 + 13*b**v + b - 12*b**2 - 5. Give x(0).
-8
Let j = 3 - 8. Suppose 9*n + 100 = 29*n. Let y(w) = -4 - 3*w + n + 3*w**2 - 4*w**2. Give y(j).
-9
Let u = -15967 - -15932. Let i(t) = -2*t - 54. Calculate i(u).
16
Let x = -18772 + 18822. Let a(u) = -u**2 + 44*u + 302. Determine a(x).
2
Let r(f) = 3*f + 2. Suppose 2*v = -d - 4 + 5, -2*d + 2 = 3*v. Suppose v*o = 6*o. Suppose 0 = -2*a - 3*q + 2, o = 4*a + a - 3*q + 16. Give r(a).
-4
Suppose -22 + 12 = -5*b. Let m(z) = 6 + 2*z**3 - 2*z - z - 2*z**2 - 4 - 3*z**3 - 3*z**b. What is m(-4)?
-2
Let k(d) be the third derivative of -d**9/4320 - d**8/10080 + d**6/720 - 67*d**5/30 + 106*d**2. Let a(u) be the third derivative of k(u). What is a(-1)?
13
Let w(s) = 134 + 146*s - 8 - 80*s - 99*s. Calculate w(4).
-6
Let d = 626 - 621. Let r be 0 - (2 - d - -5). Let k(z) = -z + 3. Let g(c) = -c + 5. Let x(p) = -4*g(p) + 7*k(p). Give x(r).
7
Let j(v) = 4*v + 13. Let s(b) = -b**3 + b**2 - 7. Let w be (0/(-1))/((-2 - 32)/17). Let x be s(w). What is j(x)?
-15
Let l(r) = -r + 5. Suppose -5*t - 11*m + 15*m + 971 = 0, 0 = 2*t - 3*m - 387. Let c be (t/(-117))/((-10)/18). Determine l(c).
2
Let t(l) = -7*l**3 + 5*l**2 + 14*l + 123. Let r(a) = -2*a**3 + 2*a**2 + 4*a + 31. Let u(b) = 11*r(b) - 3*t(b). Calculate u(7).
-14
Let d(y) = y**3 - 15. Let z = 155 - 251. Let t = z + 96. What is d(t)?
-15
Let a(t) be the third derivative of -7*t**4/24 - 23*t**3/6 + 2*t**2 - 18. Let d(c) = 2*c + 9. Let j(w) = 3*a(w) + 8*d(w). What is j(1)?
-2
Let g = 241 + -239. Let r(n) be the third derivative of 0*n**3 + 0 - 32*n**g - 1/60*n**6 + 1/30*n**5 + 1/24*n**4 + 0*n. Calculate r(-1).
3
Let m(z) = -13*z - 104. Let a(j) = -157*j**2 + 1249*j + 49. Let l be a(8). Calculate m(l).
-13
Let d(z) be the second derivative of 14*z**3/3 - 191*z**2/2 + 4452*z. Determine d(7).
5
Let z(j) = 2*j**3 - 9*j**2 - 40*j - 36. Let g be z(-2). Let k(y) = 5*y + 12. Give k(g).
-28
Let n be ((-4)/(-10))/((-2)/(-30)). Let t(d) = 86649*d**3 + 53 - 34 - 28 - 86648*d**3 - 4*d - 5*d**2. What is t(n)?
3
Let k be (-12)/(0 + 2) - (-15 + 24/3). Let z(t) = 3*t**2 - 2. Determine z(k).
1
Suppose 4*r - 4*i + 19 = 7, r + 9 = -2*i. Let a(m) = 10*m + 26. Determine a(r).
-24
Let z = 1442154 + -1442157. Let f(t) = -t**2 - 1 - 4*t - 2*t - t. Calculate f(z).
11
Let h(f) be the first derivative of f**4/4 - 4*f**3/3 - 2*f**2 - 3*f + 1933. What is h(4)?
-19
Let w(t) = -2*t - 1. Suppose 3*i - 1157 = -5*c, -3*i + c = -8*i + 1899. Let u = 371 - i. Determine w(u).
15
Let u(k) = -8*k. Let i(g) = 245*g - 16. Let x be i(2). Let l = 473 - x. What is u(l)?
8
Let c = 12 - 8. Let m(o) be the first derivative of -2*o**2 + 0*o + 1/4*o**4 - 139 - o**3. Calculate m(c).
0
Let f(h) = 35*h**2 - 10*h + 5. Let q(o) = 107*o**2 - 32*o + 16. Let p(a) = 19*f(a) - 6*q(a). Determine p(-1).
20
Let h(q) be the first derivative of -17*q**3/6 - q**2/2 - 8*q + 11. Let t(l) be the first derivative of h(l). Determine t(1).
-18
Let x(y) be the third derivative of y**5/20 - 5*y**4/4 - 5*y**3/2 + 7748*y**2. Calculate x(10).
-15
Let b(h) = 5 - 56 + 4*h + 10 + 9 + 16. Let o(z) = -2*z + 7. Let c(x) = 3*b(x) + 5*o(x). Suppose -d + 4*g + 0*g = -1, -2*d + 5*g = -8. What is c(d)?
5
Let m(o) = o**3 - o**2 - 2*o + 1. Let f be (-7 - 160/(-25))*(-190)/2. Suppose -2*c - 61 = -f. Let g be (-100)/(-140) + c/(-7). Calculate m(g).
-1
Let m(g) = -3*g**2 - 7*g - 4. Let b = 8990 + -8986. Calculate m(b).
-80
Let k(b) = -5*b - 1. Suppose -2*m = 6*m - 24. Suppose 3*h = 2*a - 5, 5*a = 66*h - 68*h + m. What is k(a)?
-6
Let l(o) be the third derivative of o**6/120 + o**3/3 + o**2. Suppose -113749*f + 20 = -113739*f. Give l(f).
10
Let n(i) be the first derivative of -1/20*i**5 + 1/2*i**4 - 29 + 4/3*i**3 + 2*i**2 + 25*i. Let s(x) be the first derivative of n(x). Calculate s(7).
11
Let b(s) = -6*s - 196. Suppose -20 - 12 = -2*k + 3*k. Determine b(k).
-4
Let f(u) = u**2 - 4*u + 5. Let y be f(4). Let z(v) = 18*v**3 + 16*v - 12*v - y*v + v**2 + v**2. Give z(1).
19
Suppose 4*r + 4 = -12. Let x(y) = -4*y**2 + 2. Let z(l) = l**2 + l - 1. Let a(w) = 2*w + 1. Let c be a(-3). Let g(p) = c*z(p) - x(p). Give g(r).
7
Let w(u) = -77*u + 9*u + 67*u + 5. Let b(v) = 2*v - 4. Let f be b(8). Let h be -4*(1 + (-33)/f). What is w(h)?
-2
Let t(c) = 4836*c**3 - 4835*c**3 - c - 7 - 2 + c**2 + 8. Suppose -4*u + 4 - 12 = 0. Let d be (0/4)/(u/2). Calculate t(d).
-1
Let y(h) = -9*h**3 + h**2 - h + 1. Suppose 0 = 19*v - 150 + 17. Suppose -4*j = -2*t - 14, -8*j + v*j = -4. Give y(t).
-8
Let w be -33 - 21/((-441)/399). Let k(o) = o**3 + 13*o**2 - 13*o + 23. Determine k(w).
9
Let m = 1 - 2. Let h(v) = -24*v**3 + 108*v**2 - 22*v + 10. Let p(a) = -16*a**3 + 77*a**2 - 16*a + 7. Let w(u) = 5*h(u) - 7*p(u). Give w(m).
8
Let p be (3 + -2)*(0 - 4). Let z(f) be the second derivative of 5/12*f**4 + 0 + 1/2*f**3 + 110*f - 1/2*f**2 + 1/20*f**5. Give z(p).
3
Suppose -8*c = -145 + 41. Let q(u) = -6*u - 9 + c*u - 8*u. Determine q(-12).
3
Let o = 1393 - 1371. Let c(n) = n**3 - 23*n**2 + 22*n - 10. Determine c(o).
-10
Let c(a) be the first derivative of -a**2/2 - 28*a - 1. Suppose -y + 284 = -11*s, -717 = -s + 3*y - 769. Determine c(s).
-3
Let v(i) = -i**2 - 6*i + 14. Let s be v(-4). Let j = s + -16. Let z(p) = -p + 7. What is z(j)?
1
Let y(n) = n**3 - 6*n**2 - 5*n - 5. Let i(v) = v**2 - 7*v - 27. Let p be i(10). Suppose -l + 11 = -2*c, 2*l - c = -p*c + 10. Give y(l).
9
Let x(i) = -5. Let b be 27*(48/(-9))/(-4). Let j(m) = 77*m - b*m - 1 - 8 - 40*m. Let w(a) = 2*j(a) - 5*x(a). Determine w(-7).
-7
Let k(p) = 8*p + 3*p**2 + 2*p**2 - 4*p**2 + 4. Let i be -2*(-8 + 6)/2. Suppose -5*w = 5*h + 15, 0 = -4*w - i*h - 3*h - 10. What is k(w)?
-11
Suppose 0 = -399*u + 404*u - 330. Let j(g) = 127 - 64 - u - g. Give j(-6).
3
Suppose 2*a - 145 = -22*a + 23. Let q(b) = -b**2 + 11*b + 2. Determine q(a).
30
Let p(l) be the third derivative of 0*l + 1/60*l**5 - 1/4*l**4 + 0 - 2/3*l**3 - 192*l**2. Give p(8).
12
Suppose 5*i - 61 = -3*y, -5*i - 4*y = -0*y - 63. Suppose -3*m + i - 26 = 0. Let q(a) = -2*a. Calculate q(m).
10
Let v(w) = -7139*w. Let g(z) = -100*z. Let b(f) = 143*g(f) - 2*v(f). Let d = -6 + 7. Give b(d).
-22
Let f be ((-80)/24)/(4/(-18)*3). Suppose 2*n = 3*c + c + 38, -f*n = -5*c - 60. Let t(h) = h**2 + 8*h + 1. Calculate t(c).
-6
Let f(v) = -30*v**3 - 7 - 7*v**2 - 2*v + 22*v**3 + 7*v**3 - v. Suppose 0 = 2*c - 36 + 48. Calculate f(c).
-25
Let n = 3709 + -3689. Let p(m) be the first derivative of n - m - 5/2*m**2. What is p(-3)?
14
Let m(q) be the second derivative of 7*q**3/6 - 25*q**2 - 716*q. Give m(7).
-1
Let s be (-2)/(-18) - (84/336)/(18/(-1288)). Let z(w) = w**3 - 19*w**2 + 16*w + 40. Calculate z(s).
4
Suppose 255 + 633 = 8*a. Suppose 86 = -5*z + a. Let j(y) = -y + 3. Determine j(z).
-2
Let g(z) be the first derivative of -2*z**2 - 64*z + 5189. What is g(-13)?
-12
Suppose 9*p = -1 + 19. Let v(l) = 12*l**2 + p - l + 37 - 38. Give v(1).
12
Let w(g) = -7*g + 318. Let r(t) = 57*t - 2917. Let f be r(52). Determine w(f).
-11
Let l(c) = 55 - 4 - 75 - 13*c + 39*c - 2*c**2 - 10. Determine l(12).
-10
Let n be 3/(-2)*(-64)/(-48). Let z(u) = 6*u + 5. Let g be z(n). Let v(t) = t**2 + 17*t + 1. Let o(c) = c**2 + 15*c. Let j(a) = 5*o(a) - 4*v(a). What is j(g)?
-4
Suppose 5*v = h - 27, -2*v - 18 = h - 10. Let f(t) = 4*t**2 + 22*t + 9. What is f(v)?
-1
Suppose 152*r + 44 = 18*r + 982. Let z(k) = -k**2 + 3*k + 31. What is z(r)?
3
Let o(g) be the second derivative of -5*g**4/24 + 231*g**2/2 - 2*g + 3. Let r(u) be the first derivative of o(u). What is r(-2)?
10
Let j(a) = 19*a**2 - 4*a + 1. Let t(v) = -20*v